a + 604/36.
17
Let q = -7 - -72. What are the prime factors of q?
5, 13
Suppose 3*g - 5*b = -0*g - 16, -5*b = 5*g. List the prime factors of -7*(g + -2 + 3).
7
Let s = 5 - 1. Suppose 16 + 64 = s*w. Suppose 0 = -3*d - 2*x + 29 - 6, -w = 4*x. List the prime factors of d.
11
Suppose 4 = -4*c - 76. Let u = c - -34. List the prime factors of u.
2, 7
Let j(i) = -i**2 + 8*i - 6. Let v be j(7). Suppose -5*o + 5*z - v = -56, 2*o - 37 = -3*z. What are the prime factors of o?
2, 7
Suppose -2*a + 16 = -2*g, -g + 2 = -0*a + a. List the prime factors of 2 + g + 2*9.
17
Suppose 5*o = -4*x + 64, -5*o = -3*x - 2*x + 80. Let i = 10 - x. What are the prime factors of (16/(-6))/(2/i)?
2
Let m(d) = -d**3 + 4*d**2 - 3*d - 3. Let y be m(3). Let h be 4/(-6) - 14/y. Suppose 0 = -n + h*n - 39. List the prime factors of n.
13
Suppose -5*t + 128 + 77 = 0. Suppose 2*l = 7 + 3. Suppose z - t = -l*s, -10 = 4*z + 6. List the prime factors of s.
3
Let s be 1 - -3 - (-1 + 3). Suppose -s*r + 56 = -36. What are the prime factors of r?
2, 23
Suppose -3*p + p + 30 = 0. Suppose -5*q = -2*q + 3*j + p, 0 = -q - 3*j - 13. List the prime factors of (-40 - q)*1/(-3).
13
Let x(h) = -3*h**3 + h**2 + 8*h + 2. What are the prime factors of x(-3)?
2, 17
Suppose -4*k = -4*j - 4 - 0, -5*j + 15 = -k. Suppose -a = -k*a + 48. List the prime factors of a.
2, 3
Let r be (16/(-24))/((-2)/15). Suppose -4*p + 35 = 3*f, -4*p - r*f = -0*f - 45. List the prime factors of p.
5
Let n(v) = -2*v - 4. Let w be n(-7). Let k = 6 - w. List the prime factors of k*((-5)/(-4))/(-1).
5
Let s(g) = -3*g**2 + 1. Let i be s(-1). What are the prime factors of 26/(1 + (-1 - i))?
13
Suppose -3*r + 6*r + 5*s = 155, 0 = -5*r + 2*s + 310. List the prime factors of r.
2, 3, 5
Let i(b) = -b**2 - 8*b - 9. Let w be i(-9). Let d = -16 - w. List the prime factors of d.
2
Let y = 145 + -78. Let f = -45 + y. What are the prime factors of f?
2, 11
Let t be ((-4)/5)/((-8)/20). Suppose z + 18 = 4*g, -t*g = -7*g - 5*z + 10. Suppose -g*o = -5 - 15. What are the prime factors of o?
5
Let i(q) = -6*q - 6. Let r(y) = 5*y + 7. Let g(o) = 4*i(o) + 5*r(o). What are the prime factors of g(-9)?
2
Let f(s) = -s**3 - 7*s**2 - 8*s + 6. Let l(g) = 2*g**3 + 13*g**2 + 15*g - 13. Let u(j) = 7*f(j) + 3*l(j). List the prime factors of u(-9).
3, 7
Let z(x) = x**2 + 2*x - 1. Let r be z(-5). What are the prime factors of 49/r*(-100)/(-7)?
2, 5
Let w = 16 - 9. Let d = w - 4. Suppose m = d*m - 24. List the prime factors of m.
2, 3
Let z be 2/(-8) - 327/(-12). Suppose -2 = 5*r - z. List the prime factors of (8/r)/1*5.
2
Suppose 0 = 5*u - 0*k - k - 5, 0 = -2*u - 3*k + 19. Suppose -2*z + 54 = 2*a, 0 = u*a - 4*z + z - 34. What are the prime factors of a?
23
Let o be 4*3 - (-2 + 0). Suppose 0 = 4*s - 2*s - o. Suppose s + 1 = 2*l. What are the prime factors of l?
2
Let j(g) = 29*g - 1. Let p be j(1). Suppose -3*n - p = 5. What are the prime factors of (n/(-2))/(1/2)?
11
Let k be (-15)/(-3)*1 - -2. Suppose -y - k = -33. Suppose 0 = -3*b + 1 + y. List the prime factors of b.
3
Suppose 5*u + 4*p - 202 = 4*u, 5*p = -5*u + 965. What are the prime factors of u?
2, 5, 19
Let c be 45*-2*(-2)/4. Let t = c - -6. List the prime factors of t.
3, 17
Let l be 3/6 + 9/2. Let g = l - -1. Suppose 3*n - g = n. List the prime factors of n.
3
Let u(s) = -s**3 - 4*s**2 - 4*s - 1. Let g be -4 + (-3)/(-2 + -1). List the prime factors of u(g).
2
Let b(k) = 18*k**2 + 3*k - 1. What are the prime factors of b(3)?
2, 5, 17
Suppose -2*i = i - 5*x - 142, 4*i = 5*x + 196. Let b = i + -37. List the prime factors of b.
17
Let l(y) = 11*y**3 + y**2 + 2. Let q(i) = 5*i**3 + i**2 + 1. Let t(d) = -4*l(d) + 9*q(d). List the prime factors of t(-3).
19
Suppose -2*u + 8 = 2*u. Suppose -d = -4, -3*d + 10 = u*r - 8. Suppose 4*l - 12 = r*l. List the prime factors of l.
2, 3
Let c = 5 - -36. What are the prime factors of c?
41
Let o = 1 - 2. Let y = 4 - o. Suppose 0 = y*a - 12 - 28. List the prime factors of a.
2
Suppose 3*c = 4*x + c + 140, 0 = -5*x + 5*c - 185. Let n be x - -2*(-1 - -2). Let q = n + 45. List the prime factors of q.
2, 7
Suppose 7*q = 13*q + 18. What are the prime factors of ((q - 30) + 2)*-1?
31
Let t be -16*(2 + (-69)/12). Suppose -5*b + t = -b. What are the prime factors of b?
3, 5
Suppose -i - 27 = -g, -2*g + 6*i - 5*i = -52. Suppose z + 0*z - g = 0. What are the prime factors of z?
5
Let r(s) = 56*s - 11. List the prime factors of r(2).
101
Let k(n) = n**3 + 9*n**2 - 2*n - 9. List the prime factors of k(-9).
3
Suppose -8*u + 360 = -4*u. List the prime factors of u.
2, 3, 5
Suppose -2 = r - 2*r. Let d(u) = -7*u**2 + 4 - u**3 + r*u**3 - 2. List the prime factors of d(7).
2
Let k be 0/3*(-2 + 1). Suppose 11 = l - k. What are the prime factors of l?
11
Suppose 3*j = -11 + 53. What are the prime factors of j?
2, 7
Let l be -6 + 0*(-1)/(-2). Let u = l + 9. Suppose 24 = u*d + r, 0*d - 2*d - 3*r = -16. What are the prime factors of d?
2
Let a(n) be the first derivative of n**3/3 + 9*n**2/2 + 12*n + 1. What are the prime factors of a(-8)?
2
Let f = -17 - -22. Suppose -6*i + f*i = -2. What are the prime factors of i?
2
Let b(i) = 2*i - 9. Let y be b(6). Let r be 1/(-3) - (-32)/6. Let t = y + r. List the prime factors of t.
2
Let z = -8 - -13. Let d be 2*3*10/12. Suppose 0*l + 8 = -2*l + z*t, d*l - 34 = -t. List the prime factors of l.
2, 3
Let i(l) = 7*l - 9 + 3 - l. Let u be i(4). Suppose -4*m + 11 = -y - 2, 4*y + u = -m. What are the prime factors of m?
2
Let k(h) = 4*h - 11. Let v(c) = -2*c + 5. Let o(t) = -4*k(t) - 9*v(t). Let p be o(8). Suppose a - 4*a + p = 0. List the prime factors of a.
5
Let l(k) = -3*k**3 + 4*k**2 + 2*k + 1. Let t be l(-3). Suppose -2*j - 8 = -t. Let y = j - 33. What are the prime factors of y?
19
Let a(c) = 6*c - 7. List the prime factors of a(5).
23
Let g be 10*3/(5 - -1). Let j = 4 + g. Suppose 0*l + l - j = 0. List the prime factors of l.
3
Suppose -x + 1 = 3*t - 4, -t = -5*x + 73. What are the prime factors of x?
2, 7
Let d(r) = -3*r + 31. List the prime factors of d(-6).
7
Let w = -3 - -6. Let u be (-9)/4*(w - -1). List the prime factors of (-101)/u - 4/18.
11
Suppose 5*h = 70 + 80. What are the prime factors of h?
2, 3, 5
Let b be -1 - (-7)/(-2)*2. Let t be (-4)/(-10) - b/(-20). Suppose -12 = -j - t*j. What are the prime factors of j?
2, 3
Let l be ((2 + -2)/(-3))/1. Suppose i + m = 1 - l, -6 = 3*m. Suppose 4 = x - i*n + 1, 3*x - 4*n - 14 = 0. List the prime factors of x.
2, 3
Let j = -73 - -263. What are the prime factors of j?
2, 5, 19
Let k(d) = -d**3 - d**2 + 5*d + 2. Let v be k(-3). Suppose -p + 2*t + v = -6, 5*p - 110 = -t. What are the prime factors of p?
3, 7
List the prime factors of (14*2)/(5/10).
2, 7
Let h(b) = -14*b**2 + 2*b + 1. Let f be h(-1). Let q = f - -31. What are the prime factors of q?
2
Suppose 0 = 2*z + q + 2, -3*z + 4*q + 8 = -4*z. Suppose z = 3*r - 7*r + 44. List the prime factors of r.
11
Let v be 15*(1/(-1) - -2). Suppose 35 - v = -4*i. What are the prime factors of (1/2)/(i/(-70))?
7
Let o(g) = -30*g + 1. Let t be o(-5). Let x = t - 107. What are the prime factors of x?
2, 11
Suppose -3*s + 2*l - 4*l + 44 = 0, -3*l = -3*s + 39. What are the prime factors of s?
2, 7
Let n = -105 + 74. Let a = n + 71. Suppose -5*c + a + 5 = 0. What are the prime factors of c?
3
Let i(o) = 15*o + 2. Let l be ((-3)/15)/(1/(-5)). List the prime factors of i(l).
17
Suppose -2*q = 4*j - 284, -3*q = 2*j - 0*q - 150. What are the prime factors of j?
3, 23
Suppose 12 = 3*l + 9, 0 = -4*w - 5*l + 121. What are the prime factors of w?
29
Let k be (-22)/3*(-6)/4. Let m(f) = f**2 - 8*f - 4. List the prime factors of m(k).
29
Let h(c) be the second derivative of c**3/6 - c**2 + 2*c. Let u be h(2). Suppose 0 = -u*m + m - 8. List the prime factors of m.
2
Suppose 0 = -4*q - 2*c - 2*c + 24, -2 = -3*q + 5*c. Suppose 0*g = -g + q. What are the prime factors of g?
2
Let s be 0/(-2) - -1 - 1. Suppose -t + 7 = -s*t - 3*q, 4*t - 55 = 3*q. What are the prime factors of t?
2
Let f = -7 - -3. Let w = f - -13. Suppose 25 = w*y - 4*y. What are the prime factors of y?
5
Let t be (1/2)/(6/552). Let l = -5 + t. Suppose -4*b = 3*p - 19, -p + 3*b + l = p. What are the prime factors of p?
13
Let k(b) = -b**3 + 3*b + 2. Let y be k(-2). Suppose -4*l = -8, -y*r - 2*l - 103 = -311. What